, what is -34054 + 1?
-34053
In base 4, what is 10 + -123112?
-123102
In base 2, what is 1 - 1100001001?
-1100001000
In base 12, what is 2 + 43?
45
In base 8, what is 2 + 10?
12
In base 8, what is 1374 - -1?
1375
In base 9, what is -1 + 8?
7
In base 15, what is 5a71 + 2?
5a73
In base 10, what is 2370 - -8?
2378
In base 16, what is 9 + 4b?
54
In base 5, what is 4 + 11141?
11200
In base 8, what is 16 - -6?
24
In base 14, what is 9 + -16?
-b
In base 5, what is 312 + -3?
304
In base 2, what is 100110 - -1?
100111
In base 14, what is -31 - -2?
-2d
In base 6, what is -352 - 2?
-354
In base 4, what is 2 + -13231?
-13223
In base 7, what is -2 + 0?
-2
In base 12, what is 35 + -49?
-14
In base 14, what is -cc3 - 5?
-cc8
In base 7, what is 0 - 44?
-44
In base 11, what is 15 + -184?
-16a
In base 10, what is 12 + -654?
-642
In base 2, what is -101 - 1100?
-10001
In base 14, what is -53 + 3?
-50
In base 13, what is -6cc + -1?
-700
In base 13, what is -b55 + 2?
-b53
In base 13, what is -349 + 4?
-345
In base 12, what is -416 + -2a?
-444
In base 16, what is -5 + 235?
230
In base 11, what is -90 - 16?
-a6
In base 5, what is -113 - -112?
-1
In base 5, what is 1 + -24334?
-24333
In base 4, what is -11 - -120?
103
In base 7, what is 565 + 1?
566
In base 12, what is 2a - -4?
32
In base 3, what is -2 + 110?
101
In base 14, what is -d3 - 3?
-d6
In base 15, what is 3 + -bd?
-ba
In base 2, what is -100 - 11100001001?
-11100001101
In base 15, what is -30 - 5?
-35
In base 14, what is -a + 9?
-1
In base 14, what is -3 + -1a4?
-1a7
In base 14, what is 19 - c?
b
In base 3, what is 21102022 + 2?
21102101
In base 15, what is 2 - 18?
-16
In base 13, what is -300 + -2?
-302
In base 3, what is 100220 - -10?
101000
In base 14, what is 0 + 17?
17
In base 12, what is 0 - -17b8?
17b8
In base 11, what is -1a - -21?
2
In base 8, what is 3 + 642?
645
In base 4, what is -1 + -21?
-22
In base 6, what is 2420 + 4?
2424
In base 16, what is -4 - -f?
b
In base 9, what is -8 - -6?
-2
In base 5, what is 2 - 44?
-42
In base 11, what is -3a + 5?
-35
In base 9, what is -3 - 6?
-10
In base 9, what is 163 + 1?
164
In base 8, what is -70 - 2?
-72
In base 16, what is -16 + -31?
-47
In base 15, what is -4ac - 2?
-4ae
In base 16, what is 1 - 3b?
-3a
In base 10, what is -46 - 56?
-102
In base 2, what is 101001100 + -100?
101001000
In base 11, what is 0 - 5a?
-5a
In base 2, what is 1011010 + 111?
1100001
In base 5, what is 20 + -313?
-243
In base 14, what is 5 - -62d?
634
In base 7, what is 1 + -1030?
-1026
In base 10, what is 32 - -101?
133
In base 12, what is 6 + -12?
-8
In base 12, what is -6b - -4?
-67
In base 16, what is -12b + -4?
-12f
In base 15, what is -482 - -4?
-47d
In base 11, what is 232 + -3?
22a
In base 11, what is -42 - -63?
21
In base 11, what is 5297 + 2?
5299
In base 4, what is 101 - 3?
32
In base 10, what is 5 - -83?
88
In base 8, what is 1164 - 12?
1152
In base 10, what is 14 + 28?
42
In base 3, what is -1 - -201120?
201112
In base 4, what is -222 - 102?
-330
In base 8, what is -4307 - 3?
-4312
In base 15, what is a6 + -18?
8d
In base 6, what is -3 - -25?
22
In base 16, what is -4 - -1359?
1355
In base 9, what is 1 - 118?
-117
In base 13, what is -6 + 84?
7b
In base 2, what is -100 + 0?
-100
In base 6, what is 2 + -32335?
-32333
In base 15, what is -ac + 18?
-94
In base 14, what is 5 - 1d9?
-1d4
In base 15, what is 4 - 99?
-95
In base 8, what is 3 + 671?
674
In base 10, what is -1 + -565?
-566
In base 9, what is -8 + 12?
3
In base 9, what is 272 + 31?
313
In base 3, what is -1001121 + -1?
-1001122
In base 8, what is -3 + -365?
-370
In base 12, what is 4 - -85?
89
In base 15, what is -b + -3cb?
-3d7
In base 8, what is -30 + 4?
-24
In base 16, what is -1 - 1b?
-1c
In base 7, what is -12 + -33?
-45
In base 8, what is 1 - 211?
-210
In base 13, what is -3 + -493?
-496
In base 12, what is 8356 + 3?
8359
In base 2, what is -11100000011 - -10?
-11100000001
In base 7, what is 1 - 4?
-3
In base 7, what is -6 - -112?
103
In base 8, what is 1 + -7?
-6
In base 11, what is 107 + 4?
110
In base 4, what is 23 + 22300?
22323
In base 3, what is -212 - 1121?
-2110
In base 8, what is 10 - 4050?
-4040
In base 11, what is -692 + -7?
-699
In base 12, what is -1b7 + 0?
-1b7
In base 14, what is -1302 + -4?
-1306
In base 3, what is 11 - 20022?
-20011
In base 10, what is 874 - 47?
827
In base 9, what is -5 + -175?
-181
In base 14, what is -10 - -17?
7
In base 8, what is 4 + 1?
5
In base 6, what is -35 - 40?
-115
In base 7, what is 34 + -1?
33
In base 12, what is -916 + -9?
-923
In base 8, what is 5 - -32?
37
In base 9, what is -5 + -140?
-145
In base 7, what is -56 - -352?
263
In base 4, what is -11 - 1103?
-1120
In base 13, what is -5 - -22?
1a
In base 6, what is 2 + -153?
-151
In base 8, what is -127 - -121?
-6
In base 3, what is -12 + 20111210?
20111121
In base 7, what is -54353 - -3?
-54350
In base 9, what is -662 + 4?
-657
In base 3, what is 1 + 2110120?
2110121
In base 15, what is 39 + 4?
3d
In base 2, what is -11 + -100110000011?
-100110000110
In base 13, what is -7 - 849?
-853
In base 8, what is 153 - -7?
162
In base 9, what is 2 + 7367?
7370
In base 4, what is -1002 + 1?
-1001
In base 12, what is -151 + b0?
-61
In base 12, what is -4 + -1b2?
-1b6
In base 7, what is -22 - -115?
63
In base 11, what is -46 + -4?
-4a
In base 5, what is 1 + 433?
434
In base 7, what is 1510 - 4?
1503
In base 9, what is 71 + -31?
40
In base 4, what is 0 - -1303?
1303
In base 14, what is 1d4 + -1?
1d3
In base 16, what is ee + -5?
e9
In base 13, what is 5 - -276?
27b
In base 5, what is 20044 - -13?
20112
In base 13, what is -2c9 - 5?
-301
In base 2, what is -110 + 1010100?
1001110
In base 13, what is -35 + -30b?
-343
In base 3, what is 11202 - 12?
11120
In base 7, what is 104 - -10?
114
In base 11, what is 16 - -7?
22
In base 13, what is -4 - 84?
-88
In base 13, what is -12 + -74?
-86
In base 3, what is -2 - -1110?
1101
In base 9, what is -20 + 271?
251
In base 10, what is 61 - 3?
58
In base 16, what is -21 - -38?
17
In base 6, what is -1 - 15043?
-15044
In base 5, what is -1321 - 21?
-1342
In base 4, what is 10 + -1?
3
In base 2, what is -10010 - -1001011?
111001
In base 8, what is 4 + -1030?
-1024
In base 6, what is 350 - 2?
344
In base 6, what is -3451 + -1?
-3452
In base 6, what is 4 - -324?
332
In base 2, what is 100 - -101101?
110001
In base 13, what is -326 - -b?
-318
In base 8, what is -2 - -26?
24
In base 3, what is -1221 + -12?
-2010
In base 16, what is 5 - 17?
-12
In base 3, what is 10200 - 22?
10101
In base 2, what is 1 - 1100001110?
-1100001101
In base 6, what is 32 - 1?
31
In base 15, what is 33 - 2?
31
In base 16, what is -5 + -48?
-4d
In base 2, what is -1011 - 100011001?
-100100100
In base 14, what is -63 - 10?
-73
In base 5, what is 2 + 1023?
1030
In base 2, what is -111001 + 111?
-110010
In base 7, what is -2 + -350?
-352
In base 11, what is -3 + 228?
225
In base 15, what is -16a + a?
-160
In base 8, what is 232 - -2?
234
In base 12, what is 56 + 13?
69
In base 14, what is -a4 - -52?
-52
In base 4, what is -121 - -10312?
10131
In base 14, what is -1 - -83?
82
In base 13, what is 0 + -3a?
-3a
In base 3, what is 11 + -2002?
-1221
In base 8, what is 4 - 71?
-65
In base 10, what is 140 - -3?
143
In base 7, what is -256 - 1?
-260
In base 16, what is 6d - 1?
6c
In base 12, what is 1 + -3450?
-344b
In base 7, what is -3226 + -3?
-3232
In base 6, what is 13412 - 4?
13404
In base 5, what is 1402 - -4?
1411
In base 11, what is 84 + -7?
78
In base 2, what is 1 + 1011100?
1011101
In base 7, what is -2 + -5?
-10
In base 9, what is 1625 + -4?
1621
In base 3, what is -110220 + 21?
-110122
In base 2, what is 1100 + -10111?
-1011
In base 3, what is -110112200 + 0?
-110112200
In base 14, what is -4 + -21?
-25
In base 3, what is 0 + -1000012?
-1000012
In base 4, what is 13 + 20300?
20313
In base 4, what is 121 + 13?
200
In base 14, what is 4d + 4?
53
In base 9, what is -1 + -485?
-486
In base 5, what is -44244 + 0?
-44244
In base 9, what is -168 + -12?
-181
In base 16, what is -2b + -2?
-2d
In base 2, what is 101 - 10000101?
-10000000
In base 15, what is d5 + -3?
d2
In base 7, what is 550 - 3?
544
In base 5, what is -101 - -41?
-10
In base 12, what is 34b5 - 2?
34b3
In base 6, what is 34 - -10?
44
In base 10, what is 2 -